10?
-423114
What is 5a1449 (base 15) in base 16?
41ba0d
42454444 (base 7) to base 14
69d9cb
-117875 (base 12) to base 7
-2255540
Convert -15173c (base 13) to base 4.
-1332112121
-1011010001110101011 (base 2) to base 3
-200202222010
What is -1d50e (base 16) in base 13?
-4286a
Convert 63370 (base 12) to base 8.
376104
Convert 4537111 (base 9) to base 10.
2445886
Convert 102300002 (base 4) to base 11.
52780
-21000102112000 (base 3) to base 15
-4d9b09
What is -114441433 (base 5) in base 2?
-10000101011010111101
-110200102210 (base 3) to base 12
-100570
-143004 (base 6) to base 7
-54454
Convert -15176 (base 14) to base 8.
-146324
-57348 (base 13) to base 16
-26c1f
Convert 2251636 (base 8) to base 2.
10010101001110011110
Convert 22050562 (base 8) to base 16.
485172
-86212 (base 9) to base 10
-57035
Convert 322a (base 12) to base 3.
21112221
What is -165764 (base 14) in base 15?
-107235
Convert 14c10 (base 13) to base 7.
222561
Convert 44aacc (base 14) to base 4.
20321331030
75205a3 (base 11) to base 5
11342024212
Convert 652271 (base 9) to base 13.
107c65
What is 104231102 (base 5) in base 15?
91aa2
-d81e (base 16) to base 14
-1623c
c6595 (base 15) to base 10
629015
Convert -57226 (base 9) to base 5.
-2204334
What is 1c63c (base 15) in base 7?
533526
What is 135244103 (base 6) in base 10?
2774343
What is -110180 (base 13) in base 10?
-400127
What is 445284 (base 14) in base 8?
10661524
Convert -124040224 (base 5) to base 13.
-1856c3
1f933d (base 16) to base 8
7711475
What is -21202001111 (base 3) in base 12?
-74241
What is -210122122201 (base 3) in base 7?
-3423415
What is -128338 (base 10) in base 12?
-6232a
10001001101000110101 (base 2) to base 8
2115065
What is -12000102012 (base 3) in base 10?
-98717
331066 (base 8) to base 3
12122110222
Convert 200030332 (base 4) to base 16.
2033e
-26231 (base 9) to base 2
-100010100010110
Convert -13110434 (base 5) to base 11.
-88904
-7531073 (base 8) to base 9
-3705480
10122012010 (base 3) to base 11
49863
-434362 (base 10) to base 4
-1222002322
What is -21102340 (base 5) in base 4?
-222303301
Convert -222005251 (base 6) to base 10.
-4013599
What is 3a541d (base 14) in base 3?
10210020011120
-1100424142 (base 5) to base 12
-95873b
What is 67c46 (base 15) in base 16?
5099d
What is 116b (base 13) in base 4?
212113
What is -1337852 (base 11) in base 9?
-4308282
-61a43a6 (base 11) to base 12
-37b865a
Convert -1011221010111 (base 3) to base 2.
-10011001011100001100
Convert -373750 (base 8) to base 6.
-2433120
What is 120036025 (base 7) in base 12?
259a7a7
Convert 6561396 (base 11) to base 12.
3a39176
Convert -10333550 (base 8) to base 16.
-21b768
-1c88b (base 16) to base 12
-57777
Convert 340232300 (base 5) to base 14.
2ac065
Convert 8fe5f6 (base 16) to base 11.
5361319
Convert -747a7b (base 13) to base 11.
-15a5492
What is -200202211002 (base 3) in base 10?
-369470
6754 (base 10) to base 11
5090
What is 8392975 (base 10) in base 2?
100000000001000100001111
Convert 12120001 (base 4) to base 14.
9733
What is -305578 (base 12) in base 15?
-edeb8
Convert -11221120202 (base 3) to base 6.
-2030502
What is -200201221011 (base 3) in base 16?
-5a0b8
344063 (base 11) to base 14
103554
What is 25a870 (base 14) in base 8?
4744702
What is 29722 (base 13) in base 8?
230432
Convert -273014 (base 9) to base 8.
-504521
Convert 53253531 (base 6) to base 11.
977a4a
2456174 (base 9) to base 5
320231110
What is -36012 (base 9) in base 2?
-101111000000100
What is -1540429 (base 10) in base 12?
-623551
-3332133 (base 5) to base 8
-162062
Convert 2d1a82 (base 14) to base 7.
16300022
Convert 10110022102 (base 3) to base 6.
1242532
Convert 5847c3 (base 13) to base 14.
3c772b
What is 12160043 (base 7) in base 3?
2001101022112
What is 55916 (base 12) in base 6?
2234030
What is -2331110 (base 6) in base 7?
-1012101
What is 12101012211 (base 3) in base 14?
2a818
Convert 14041110 (base 5) to base 11.
98715
-ed44 (base 15) to base 14
-14447
Convert 296568 (base 10) to base 6.
10205000
Convert 12043404 (base 5) to base 2.
11011011011100010
What is 196195 (base 12) in base 16?
6ce81
Convert -612243 (base 8) to base 2.
-110001010010100011
Convert -361954 (base 16) to base 8.
-15414524
Convert -3b64ca (base 13) to base 15.
-1d7434
Convert 2020331110 (base 4) to base 5.
120422410
What is 6b781 (base 14) in base 3?
111022121211
What is 11300356 (base 7) in base 3?
1212101111101
312545005 (base 6) to base 16
53455d
-993b06 (base 14) to base 8
-23645412
5b22 (base 15) to base 6
225422
Convert 135fd (base 16) to base 7.
450235
Convert 40014423 (base 5) to base 14.
8249c
Convert 42515503 (base 6) to base 7.
13443264
What is -5907bb (base 14) in base 3?
-12201021011022
Convert -418a71 (base 14) to base 12.
-8a910b
Convert 1321310133 (base 4) to base 13.
146169
-5ab3b (base 13) to base 15
-345c4
What is -925ea (base 15) in base 5?
-104314340
-101010010010100010110100 (base 2) to base 13
-23b1c87
-377436 (base 9) to base 13
-80037
Convert -261220 (base 8) to base 5.
-10401033
What is 70334 (base 14) in base 13?
958c4
What is -52581 (base 15) in base 4?
-333300001
Convert -349513 (base 10) to base 2.
-1010101010101001001
What is 14403504 (base 7) in base 13?
3892cb
54650 (base 7) to base 15
40db
What is -121202222021 (base 3) in base 8?
-1204751
What is -1c6145 (base 14) in base 8?
-3677361
Convert -336525 (base 7) to base 3.
-10001020020
-834cb (base 13) to base 16
-39992
Convert -220233003 (base 4) to base 14.
-44b3d
What is -536052 (base 7) in base 15?
-1c9c3
329c81 (base 14) to base 7
20412121
What is -12230223 (base 4) in base 10?
-27435
2963768 (base 11) to base 9
10510688
298178 (base 11) to base 10
464725
-2741147 (base 10) to base 11
-1602512
-377601 (base 10) to base 5
-44040401
Convert -785484 (base 9) to base 3.
-212212112211
Convert -1c22439 (base 13) to base 9.
-18522300
What is -13405533 (base 6) in base 15?
-8e029
What is -20112202111100 (base 3) in base 2?
-1101010001011001101100
What is 61076425 (base 8) in base 13?
288b295
Convert -22337 (base 9) to base 5.
-433412
What is 747071 (base 9) in base 11?
284172
Convert -a47719 (base 12) to base 10.
-2584389
Convert -613764 (base 9) to base 7.
-3043153
2121332123 (base 4) to base 15
c6d08
Convert 64014 (base 9) to base 10.
42295
Convert 100000101000000101 (base 2) to base 3.
20210022112
What is -1111100100010010 (base 2) in base 3?
-10020110120
Convert 40132134 (base 7) to base 15.
4585cc
What is -144400300 (base 5) in base 16?
-bdfd8
-21157633 (base 8) to base 16
-44df9b
What is -2221245 (base 8) in base 16?
-922a5
What is -340002413 (base 5) in base 4?
-11222132331
Convert -b2b59 (base 14) to base 6.
-13120043
-78cb64 (base 14) to base 5
-2022413033
What is -90703a (base 12) in base 8?
-10455556
Convert -303324033 (base 6) to base 9.
-10713683
What is 244425 (base 7) in base 13?
17517
Convert -5515622 (base 7) to base 2.
-10100101001101100010
Convert -114400131 (base 6) to base 3.
-11002121202001
Convert -79458 (base 14) to base 5.
-33410340
-55c7 (base 14) to base 13
-6a03
Convert -35d99d (base 15) to base 10.
-2577298
What is -66554055 (base 7) in base 4?
-111322133130
-5513133 (base 7) to base 3
-1021100000000
Convert 302514451 (base 7) to base 8.
103151515
1499359 (base 11) to base 14
4a8ccc
What is 111111100100000010 (base 2) in base 4?
333210002
a4c849 (base 13) to base 10
3854951
eb54ed (base 15) to base 14
16b9c15
12111001221122 (base 3) to base 6
142245025
What is -16b20cc (base 13) in base 11?
-4186740
Convert -1b5839c (base 13) to base 6.
-522240121
Convert -2010012201202 (base 3) to base 5.
-242013414
Convert -263550 (base 8) to base 16.
-16768
Convert -687bb (base 12) to base 11.
-957aa
Convert 6600713 (base 8) to base 4.
12300013023
What is 300241 (base 6) in base 9?
35117
Convert 2b5e8 (base 15) to base 10.
139718
Convert 2347 (base 14) to base 16.
17fb
115134 (base 13) to base 10
411051
Convert 421a7 (base 15) to base 14.
5657a
What is -63021462 (base 7) in base 9?
-10866603
-31b7499 (base 12) to base 15
-c69499
What is 2101489 (base 10) in base 2?
1000000001000011110001
949 (base 10) to base 13
580
-221012201111100 (base 3) to base 10
-13398651
Convert 142213 (base 6) to base 4.
3102201
What is -1113011 (base 4) in base 15?
-19b8
What is 10110111001101010 (base 2) in bas